 digit of t?
4
Let b = 9 - 5. Suppose h = -2*h - r + 12, -h - 5*r + b = 0. What is the units digit of h?
4
Let x(n) = 12*n**2 + 7*n + 11. What is the units digit of x(-5)?
6
Let y(h) = -h**3 + 6*h**2 + 3*h + 3. What is the units digit of y(4)?
7
What is the units digit of (2 - -12) + (-12 - -10)?
2
Let u(b) = -3*b**3 + 13*b**2 - 24*b - 35. Let z(y) = y**3 - 4*y**2 + 8*y + 12. Let v(x) = 6*u(x) + 17*z(x). What is the units digit of v(9)?
3
Let p be (-272)/9 + 4/18. Let m = p - -68. Suppose -5*c + m = 3. What is the units digit of c?
7
Let g = 16 - 9. What is the units digit of g?
7
Let m(g) = g**3 - 4*g**2 + 3*g + 1. Let j be m(3). Let o be j/(-3) - 25/15. Let p = 3 + o. What is the units digit of p?
1
Suppose -w + 79 = 5*v, 0 = -4*v + 4*w - 5*w + 63. What is the units digit of v?
6
Suppose -m + 2*t - t - 4 = 0, -2*t + 5 = m. Let d(v) = -2*v. Let b be d(m). Suppose 0 = b*g - 5*l - 30, -5*g - 7*l + 3*l + 9 = 0. What is the units digit of g?
5
Let h be 3/2 - 1/(-2). Suppose -6*p + 16 = -h*p. Suppose 2*a - a + p*b + 17 = 0, -b - 8 = -a. What is the units digit of a?
3
Suppose 5*o + 5*j = -79 - 6, -o = -5*j - 7. Let t = -25 + 5. Let f = o - t. What is the units digit of f?
7
Suppose 0 = 3*x + x. What is the units digit of 1 + 0 + (2 - x)?
3
Let a(p) = -14*p + 27. What is the units digit of a(-21)?
1
Let b(u) = -u**2 + 8*u + 13. Let n be b(9). Suppose -2*o + j + 12 = 2*j, 2*o - n = -5*j. Suppose -5*q - 2 + o = 0. What is the units digit of q?
1
Let p = 368 - 248. What is the units digit of p?
0
Let k = 1 + 2. Suppose k*u + 8 - 26 = 0. What is the units digit of u?
6
Suppose -4*v - 4 = -12. Suppose v*x = -11 + 37. What is the units digit of x?
3
Let h = 802 + -405. What is the units digit of h?
7
Let b(g) = g**3 + 8*g**2 - 10*g - 5. What is the tens digit of b(-7)?
1
Suppose 0*i = 3*i - 78. What is the tens digit of i?
2
Let z be (2 + -2)/(-2) - -9. Let q be (3*1)/(1/z). Suppose 3*d - 3*o = q, 4*d = -o + 4*o + 37. What is the units digit of d?
0
Let v(s) = 5*s - 2*s + 2*s + 3 - 7. Let t be v(10). Suppose -5*a + t = -19. What is the tens digit of a?
1
Suppose 2*l - 4 = -2. Let q be (-11)/(-2) + l/2. Suppose j + 0*j = q. What is the units digit of j?
6
Let m(r) = -2*r - 12. Let i be (-31)/(-6) - 1/6. Suppose 5*a = -5*h - 35, -i*h = -5*a + 62 - 17. What is the units digit of m(h)?
4
Let v = -18 - -53. Let b = -21 + v. What is the tens digit of b?
1
Suppose 4*q + 48 = 12. Let l = 0 - q. What is the units digit of l?
9
Let z(v) = -v**2 + 6*v + 4. Let p be z(7). What is the units digit of (-9 + -3)/p*2?
8
Suppose 5*c = -0*c. Suppose c = -j, 4*b = -b + 5*j + 110. What is the units digit of b?
2
Suppose -2*h = 2*h - 24. Let f = h + -4. Suppose -f*o + 15 = 3*o. What is the units digit of o?
3
Let r be 10*-2*(-4)/(-8). Let u(z) = -z**2 - 12*z - 4. What is the units digit of u(r)?
6
Suppose 409 = 5*m - 4*h, -74 - 201 = -3*m - 5*h. What is the tens digit of m?
8
Let z be (-692)/(-20) - 2/(-5). What is the units digit of z + -3 - 1 - 2?
9
Let i = -17 - -30. What is the tens digit of i?
1
Suppose -3*x = -0*x - c - 221, 3*x = -c + 211. What is the tens digit of x?
7
Suppose 8 = 3*h + h. Suppose -h*y = -y - 2. What is the units digit of y?
2
Let y = -2 + 7. Suppose -2*w = j - 5*w, y*j + 2*w = 34. What is the units digit of j?
6
Let m = -78 + 81. Let u(x) = -x**3 - 2*x**2 - x - 3. Let t(h) = -6*h**3 - 10*h**2 - 6*h - 15. Let o(v) = -2*t(v) + 11*u(v). What is the units digit of o(m)?
9
Suppose 0 = r - 5*w - 13, 17 = -r + 3*r - w. Let z(q) = 3 + r + q - 2*q. What is the units digit of z(8)?
3
Suppose -7*b + 700 = -0*b. What is the units digit of b?
0
Let m(s) be the second derivative of s**7/2520 + s**6/90 + 7*s**5/120 - s**4/12 + s. Let l(g) be the third derivative of m(g). What is the units digit of l(-8)?
7
Let a(t) = -3 - 5*t + t**2 + 4*t + 0. What is the units digit of a(-3)?
9
Let f be 2/3 - (-4)/3. Let r(i) be the first derivative of i**2/2 + 3. What is the units digit of r(f)?
2
Let h(y) = -y**2 + 21*y + 6. What is the tens digit of h(12)?
1
Let y(k) = 2*k + 12. What is the units digit of y(-5)?
2
Let i(s) = s**3 + 7*s**2 + 7*s. What is the units digit of i(-5)?
5
Suppose 4*v - 4*w = 380, v = -v + 4*w + 194. What is the units digit of v?
3
Suppose -2*n - 64 = -4*n. Suppose 3*y - 40 = n. Suppose 0 = -g - g + y. What is the tens digit of g?
1
Suppose 3*f + f + 5*n = 178, 0 = -4*f - n + 170. What is the tens digit of f?
4
Suppose 0 = 3*x + k - 47, -x = -2*x - 5*k + 39. Let i be 4/(-6)*(-147)/x. Suppose 0 = -o - i + 17. What is the units digit of o?
0
Suppose -4*c = 4*i + 4, -i - 15 = 4*i. Suppose 24*o + 9 = 25*o. Suppose o = 4*g - p, 4*p - 21 = -c*g - p. What is the units digit of g?
3
Suppose 131 = -5*d + 2*v - 67, -122 = 3*d + 2*v. Let r = -21 - d. What is the units digit of r?
9
Suppose 6 + 2 = 4*d. Suppose d*y - 4 - 4 = 0. What is the units digit of (0 + y/(-1))*-2?
8
Let g(i) = i + 13. Let s be g(11). What is the units digit of (-21)/(-2)*32/s?
4
What is the units digit of 5/(-15) + 73/3?
4
Suppose 2*f - 616 = -4*i - 164, -2*i + 214 = -5*f. Suppose -z + 5*z = i. What is the units digit of z?
8
Let b be (0/(-4))/(-1 - -2). Suppose c + b = -3*z - 14, c + 4*z + 14 = 0. What is the units digit of (-10)/c + (-12)/(-42)?
1
Let d(y) = 6*y - 1. Let f(v) = 7*v - 2. Let x(m) = 6*d(m) - 5*f(m). Let n be x(3). Suppose -3*w = -2*w + r - n, -r - 47 = -5*w. What is the units digit of w?
9
Let k(v) = v**3 + 3*v**2 - v + 2. Let s be k(-3). Suppose 6*g + 6 = 3*g. Let b = g + s. What is the units digit of b?
3
Suppose 4*k = 2*i - 28, -2*i = 2*i + k - 74. What is the tens digit of i?
1
Let y(c) = -c + 1. Let m be y(-11). Suppose -a + m = -0*a. What is the units digit of a?
2
Suppose 100 = 5*k + 40. Suppose 15 = -5*v, -4*v = -3*g - 2*g + k. Suppose g*a + 3 = 3*a. What is the units digit of a?
1
Suppose 3*g = 3 + 12. What is the units digit of 132/g - 3/(-5)?
7
Let q be ((-8)/(-28))/((-5)/(-35)). Let a be (1 + 0)*-1*-4. Suppose -d + a = -q. What is the units digit of d?
6
Let a(h) = h**3 - 9*h**2 - 13*h - 5. Let w be a(11). Let x = w + -54. What is the units digit of x?
0
Let r = -155 + 235. Suppose -7*d + 2*d + r = 0. What is the units digit of d?
6
Suppose 5 = -5*f - 10. What is the units digit of (-159)/f + -2 + -1?
0
Let f = -4 + 2. What is the units digit of ((-48)/(-5))/(f/(-10))?
8
Let s = -50 - -101. What is the units digit of s?
1
Let r = -4 + -1. Let l(j) be the first derivative of -j**2/2 + 2*j - 4. What is the units digit of l(r)?
7
What is the tens digit of (-6 - (0 + -3)) + 1*38?
3
Suppose 113 = 3*d + 26. Suppose 5*j + 4*s + 65 = 0, s = j + 5*s + d. Let r(t) = t + 21. What is the tens digit of r(j)?
1
Let d(c) = 72*c - 1. What is the units digit of d(1)?
1
Let a(b) be the second derivative of b**5/60 - b**4/6 - 5*b**3/6 + b**2/2 - b. Let n(w) be the first derivative of a(w). What is the units digit of n(6)?
7
Let c(k) = k**3 + 2*k**2 - 19*k - 7. Let n(p) = -p**3 - 3*p**2 + 18*p + 8. Let v(t) = -6*c(t) - 7*n(t). What is the units digit of v(-10)?
6
What is the units digit of 2 + 0 - (4 + -47)?
5
Let l(m) = -29*m + 1. Let s be l(-1). Suppose -s = 3*v - 5*v - 5*j, v = -5*j + 10. Suppose -y - y = -v. What is the tens digit of y?
1
Suppose j = 3 + 1. Suppose 0 = -6*d + j*d + 82. What is the tens digit of d?
4
Suppose -t + 8*t - 882 = 0. What is the units digit of t?
6
Suppose 426 = 8*h - 2*h. What is the tens digit of h?
7
Suppose 3*j = 3*h - 6*h + 9, 5*j - 2*h = 22. Suppose j*q = -r - 0*q + 22, 2*q - 26 = -2*r. What is the tens digit of r?
1
What is the units digit of ((-72)/(-15))/(4/10)?
2
Let u be (1 + 1)*10/(-4). Suppose 4*t = -r + 36, 0 = 4*t - 2*r - 3 - 45. Let m = u + t. What is the units digit of m?
5
Let r be (-75)/11 + 2/(-11). Let g(w) = w**2 - 2*w - 16. What is the units digit of g(r)?
7
Let m be 76/12 + 2/3. Let h = -4 + m. Suppose -3*c = -3, h*p - 2*c = -7*c + 50. What is the units digit of p?
5
Let g = 6 + -1. Let d = -7 + g. What is the tens digit of 432/42 + d/7?
1
Let n(y) = -2*y**2 + y. Let a be n(-5). Let f = -95 - a. What is the tens digit of f/(-3) + 2/3?
1
Let i(l) be the first derivative of 15*l**4/4 - l**2/2 + 2. What is the tens digit of i(1)?
1
Let d(c) = c**3 - 8*c**2 - 9*c - 6. Let g be d(9). Suppose 0 = 2*r + 2 - 6. What is the units di